me number?
True
Suppose -5*o + 4 + 21 = 0. Let f = -3 + o. Let i(a) = 6*a**2 + 2*a - 3. Is i(f) prime?
False
Suppose 2*k - 3*q = 431, 2*k + 2 - 409 = -5*q. Is k prime?
True
Let p = 0 - -16. Suppose 5*w = 2*c - 26, 7*c - w - p = 3*c. Let q(u) = 3*u**2 + 2*u. Is q(c) a prime number?
False
Let c = 29 + -19. Let t(y) = -c*y**2 - 2 + 25*y**2 + 3*y + 3. Is t(-2) a prime number?
False
Let h(w) = -5*w - 2. Is h(-17) prime?
True
Is 25500/28 + ((-27)/(-21) - 1) a composite number?
False
Let d(z) = 4*z + 3. Let w be d(-2). Let o(r) = -r**2 - 6*r + 2. Is o(w) a prime number?
True
Suppose 5*w - 10 = 0, 0*k = -k + 5*w + 2347. Is k a prime number?
True
Suppose 0 = -r + 3*s + 2*s + 279, 5*r - 5*s = 1435. Is r composite?
True
Suppose 3*o - 6*o + 12 = 0. Suppose c - 4*x - 23 = 0, -c + 2*x - o*x = -47. Is c a composite number?
True
Suppose 0*r + 285 = 5*r. Is r a prime number?
False
Let v(q) = -q**2 - 8*q - 2. Let y be v(-7). Suppose 0*d - y*h = -5*d + 40, 5*d - h = 24. Suppose d*w = 677 - 97. Is w a composite number?
True
Suppose 4*j - 3*r - 1 = 2, 0 = -3*j + 4*r - 3. Suppose -j*s - 33 = -4*s. Suppose -2*p + s + 45 = 5*b, 163 = 3*p - 4*b. Is p composite?
True
Suppose -5*x + 42 + 20 = 4*v, 4*x + 2*v = 52. Suppose 2*r = 4*y + 38, -5*r + x = 4*y + 87. Let f = y - -31. Is f composite?
False
Is -291*(-3)/27*3 a composite number?
False
Let v be 2 + 0 - (2 + -3). Suppose v*u - 87 = 15. Is u prime?
False
Let p = -133 + 266. Is p prime?
False
Let d = 502 + -311. Is d a prime number?
True
Let j be 11/(63/(-62) + 1). Let o = 1247 + j. Is o composite?
True
Let c = 6 - -13. Is c prime?
True
Suppose 46*t = 42*t + 3028. Is t composite?
False
Let i(x) = -14*x**2 - 2*x - 5. Let f be i(-4). Let q = -154 - f. Is q a composite number?
False
Let v = 6 - 4. Let u be v + -8 + 3 - -5. Is -69*(1 + 0 - u) a prime number?
False
Let a(u) = 7*u - 1. Let i = 21 - 20. Is a(i) prime?
False
Let u(o) be the third derivative of o**5/60 - 5*o**4/12 + 11*o**3/6 + 3*o**2. Is u(11) prime?
False
Let y(r) be the second derivative of r**7/180 + r**5/40 + r**4/3 + 3*r. Let h(f) be the third derivative of y(f). Is h(3) prime?
False
Suppose 2*j + 16 = 4*w, -4*w - j + 36 = 2*j. Suppose w*z - 226 = -4*t + 4*z, -133 = -2*t + 3*z. Is t composite?
False
Let s(v) = v**3 - 12*v**2 - 12*v - 12. Let q be s(13). Is ((-6)/2)/q + 194 a composite number?
False
Suppose -2*s + 4*p + 1059 + 1291 = 0, -2*p + 5851 = 5*s. Is s prime?
True
Let s(q) = q - 6. Let f(o) = 5*o - 25. Let x(d) = -2*f(d) + 9*s(d). Let c be x(-6). Let m(n) = 31*n. Is m(c) a prime number?
False
Suppose -1083 = -3*w - 282. Is w prime?
False
Let d = -1 + 1. Let l(u) = -u + 10. Is l(d) a prime number?
False
Is 6/(48/(-4168))*5/(-1) a composite number?
True
Let q be ((-6)/2)/(1/2). Let k be -1 + (9/3)/(-3). Is (678/18)/(k/q) a prime number?
True
Let z = 73 + -38. Is z composite?
True
Let h = 987 + -364. Is h a prime number?
False
Let j be (18 - 0)*(-38)/6. Let n = j - -197. Is n prime?
True
Suppose 6670 = 5*r + 5*r. Is r a composite number?
True
Let y = -36 + 60. Suppose 0 = 3*s - 8*s + 175. Let r = y + s. Is r a composite number?
False
Suppose 5*i + 1 - 9 = -k, 2*k = -i - 2. Suppose i*l = -l + 1131. Is l composite?
True
Let x(p) = -7*p - 16. Is x(-9) a prime number?
True
Let l(g) = g**2 - 2*g + 7. Suppose -1 = -2*u - 3. Let z(b) = 5*b**2 + 1. Let a be z(u). Is l(a) a prime number?
True
Suppose -5*v = -3*x - 0*x + 1761, 0 = -2*v. Is x a composite number?
False
Suppose 5*d - 10 = -0. Suppose -3*s + 6 = 0, -2*o = -d*s + 5*s - 260. Is o composite?
False
Let l = 7 - 6. Let p = 8 - l. Let g(k) = 6*k + 1. Is g(p) a composite number?
False
Suppose c - 3*v = -4*c - 481, -2*v + 384 = -4*c. Let z = -4 - c. Is z composite?
True
Is (0 + 2/(-3))/((-16)/2088) prime?
False
Let l = 8 - 85. Let i be (-1)/((-3)/6) + l. Let k = i - -134. Is k a prime number?
True
Let n(v) be the second derivative of v**5/20 + 11*v**4/12 + 5*v**3/3 - 5*v**2/2 + 2*v. Is n(-9) a prime number?
True
Let x = -821 - -1864. Is x composite?
True
Let o(v) = -v + 10. Let c be 2/(-4)*2*13. Is o(c) composite?
False
Let k = -1381 - -4320. Is k prime?
True
Let v(s) = -s**2 + s + 7. Suppose 2*y = 3*i + 15, 4*y + i + 3 = -2. Let g be v(y). Suppose 3*x = -u + 358, 3*x = g*x + 2*u - 478. Is x prime?
False
Let m(l) = 36*l + 6. Let x be m(-3). Let k = x + 265. Is k a prime number?
True
Let n = -247 - -438. Is n a composite number?
False
Suppose -2*n - 90 = 3*n. Is (-354)/n - (-4)/(-6) a prime number?
True
Let o = -394 - -588. Is o a composite number?
True
Suppose 0 = -x - 3*x + 12. Suppose x*g + 250 - 649 = 0. Is g composite?
True
Let p = 5 + -2. Suppose 2*z - 155 = -p*z. Is z a composite number?
False
Suppose 0 = -5*p + 4 + 6. Suppose 2*c = -p*c + 332. Is c composite?
False
Let w = -39 - -95. Let d be 36 - 2/(-2 + 0). Suppose 0 = -3*a + d + w. Is a a prime number?
True
Let c be 2/(-3)*2007/(-6). Suppose -2*i = -v - 3*i + 45, 5*v = -4*i + c. Is v a composite number?
False
Let f = -232 + 160. Let m be 4/(12/(-9)) + 25. Let n = m - f. Is n composite?
True
Let y(k) = -22*k - 15. Is y(-5) a composite number?
True
Suppose 37 = 3*b - 4*l, b - 5*b = -5*l - 49. Is b prime?
True
Let v be ((-8)/6)/(-4)*12. Suppose 2*w = v*w - 132. Let i = -35 + w. Is i composite?
False
Let q(f) = -8*f + 9. Let b be q(-9). Suppose 2*c - 37 = b. Is c prime?
True
Suppose 8*t = 9*t - 293. Is t composite?
False
Let f = -84 + 243. Is f composite?
True
Suppose 4*d + 10 = 26. Let o = d + -4. Suppose 0*m - 2*y = -5*m + 173, o = y + 4. Is m prime?
False
Suppose 5*z + 3*n = 4759, 0 = -3*n - 10 + 4. Is z a composite number?
False
Suppose -2*o + 201 = o. Is o composite?
False
Suppose 5*o + 35 = q, 4*o = -4*q + 27 + 113. Let v = q + 68. Is v composite?
False
Let v(r) = -r**3 + 22*r**2 + 14*r - 28. Is v(17) prime?
False
Let y(w) = -w**3 - w + 1. Let v(o) = -7*o**2 - 11*o + 5. Let u(j) = j. Let m(x) = -6*u(x) - v(x). Let q(p) = -m(p) + y(p). Is q(-6) a prime number?
False
Suppose -12 = v + 2. Let z = -31 - -54. Let o = z + v. Is o a prime number?
False
Let t = 315 - 653. Let h = t + 1274. Suppose 3 = 5*g - 12, 3*f + 5*g = h. Is f a composite number?
False
Suppose 0 = 2*h - a - 9, 24 = -0*h + 5*h - 3*a. Is 3 + (1 + h - 3) prime?
False
Let l be -1 - (-8 + -1)/3. Suppose 0 = -4*x + 4*z - 8, x - l*z + 10 = -4*x. Is 38*(5 + x)/6 composite?
False
Let w(s) = -8*s**3 + 4*s**2 + 5*s - 3. Suppose 20*a = 23*a + 12. Is w(a) a prime number?
False
Let c = 2 + 0. Suppose 3*d + 0*z - 5*z - 83 = 0, -c*d - 4*z = -92. Let p = d - 13. Is p a composite number?
False
Let u(q) = -q**3 + 8*q**2 + 11*q - 11. Let w be u(9). Suppose 0 = 2*m - w*m + 955. Is m a prime number?
True
Let f(j) be the second derivative of -j**5/20 - 2*j**4/3 + 7*j**3/6 + 3*j**2/2 - j. Let s be f(-8). Let d = 108 + s. Is d a prime number?
False
Suppose -4*r - 3*b + 16 = 0, -5*r + 5*b + 54 = -1. Suppose 7*m + 4*w = 3*m + 60, 0 = m - 3*w - r. Is m a prime number?
True
Suppose 0*o = 2*k - 3*o - 386, 0 = -2*o - 8. Is k a composite number?
True
Let n(y) = 2*y - 5. Let d be n(5). Suppose d*s = -0*z + z - 44, -s + 3 = 0. Is z composite?
False
Let c(v) = 2*v**3 - 7*v**2 - 3*v + 7. Let y be 0*((-2 - -1) + 0). Let z = 5 + y. Is c(z) a prime number?
True
Let i(b) = 4*b**2 + 26*b + 8. Is i(-13) a prime number?
False
Suppose 1026 = 6*g - 2496. Is g prime?
True
Let s(m) = 44*m**2. Let t be s(-1). Suppose 4*w = t - 4. Is w prime?
False
Suppose -2*y = -0*y. Suppose y = 2*d - 0*d - 92. Is d a composite number?
True
Suppose 15 = 4*n - 17. Let p = n - 5. Is 69/(-6)*(1 - p) a prime number?
True
Suppose 0 = -4*d + 3*d. Suppose d*z = z. Suppose z*l + 2*l + 155 = 3*m, -3*m - 5*l + 169 = 0. Is m a prime number?
True
Suppose -v + 16 = -3*u, -3*v - 4 = -3*u - 7*v. Let a = 2 - u. Is (2/a)/(2/54) a composite number?
True
Suppose 32 = 2*x + 2*x. Suppose 2*d - 58 = x. Is d a composite number?
True
Let q = -7 - -11. Suppose 6 = 2*j + q*w, 2*w + 20 = 4*j + 6*w. Let f(o) = -o**3 + 6*o**2 + 7*o + 6. Is f(j) composite?
True
Suppose -3342 = 18*z - 24*z. Is z prime?
True
Suppose 0*o + 4*o = -3*b + 26, 3*b + 3*o = 21. Is (-5076)/(-24) + (-1)/b a composite number?
False
Let d(a) = -2*a**3 - 6*a**2 + 9*a + 12. Is d(-5) a composite number?
False
Suppose -4*p + 182 = 2*m, -2*m + 2*p = -251 + 69. Is m prime?
False
Suppose -5*a + 5*w = 25, -4